 is divided by 3?
2
Calculate the remainder when 107 is divided by 77.
30
What is the remainder when 35 is divided by 2?
1
What is the remainder when 429 is divided by 355?
74
What is the remainder when 1572 is divided by 260?
12
What is the remainder when 1159 is divided by 97?
92
Calculate the remainder when 162 is divided by 78.
6
What is the remainder when 2098 is divided by 60?
58
Calculate the remainder when 155 is divided by 16.
11
Calculate the remainder when 312 is divided by 45.
42
What is the remainder when 313 is divided by 35?
33
What is the remainder when 86 is divided by 15?
11
Calculate the remainder when 1929 is divided by 15.
9
What is the remainder when 882 is divided by 26?
24
Calculate the remainder when 398 is divided by 94.
22
What is the remainder when 866 is divided by 286?
8
Calculate the remainder when 5528 is divided by 70.
68
What is the remainder when 588 is divided by 148?
144
Calculate the remainder when 619 is divided by 39.
34
Calculate the remainder when 211 is divided by 93.
25
What is the remainder when 739 is divided by 206?
121
Calculate the remainder when 7 is divided by 7.
0
What is the remainder when 421 is divided by 65?
31
Calculate the remainder when 935 is divided by 211.
91
Calculate the remainder when 153 is divided by 135.
18
Calculate the remainder when 786 is divided by 228.
102
What is the remainder when 417 is divided by 93?
45
What is the remainder when 409 is divided by 79?
14
Calculate the remainder when 1102 is divided by 12.
10
What is the remainder when 626 is divided by 127?
118
Calculate the remainder when 1507 is divided by 116.
115
Calculate the remainder when 14660 is divided by 188.
184
What is the remainder when 80 is divided by 70?
10
What is the remainder when 97 is divided by 46?
5
What is the remainder when 154 is divided by 27?
19
Calculate the remainder when 292 is divided by 102.
88
What is the remainder when 501 is divided by 84?
81
What is the remainder when 760 is divided by 53?
18
What is the remainder when 343 is divided by 69?
67
Calculate the remainder when 518 is divided by 92.
58
Calculate the remainder when 509 is divided by 128.
125
Calculate the remainder when 15 is divided by 5.
0
Calculate the remainder when 276 is divided by 45.
6
What is the remainder when 755 is divided by 61?
23
Calculate the remainder when 10697 is divided by 107.
104
What is the remainder when 84 is divided by 22?
18
Calculate the remainder when 943 is divided by 15.
13
What is the remainder when 7287 is divided by 37?
35
Calculate the remainder when 70 is divided by 22.
4
Calculate the remainder when 1139 is divided by 143.
138
Calculate the remainder when 18 is divided by 11.
7
Calculate the remainder when 2927 is divided by 12.
11
Calculate the remainder when 66 is divided by 29.
8
What is the remainder when 1772 is divided by 32?
12
What is the remainder when 100 is divided by 36?
28
What is the remainder when 32368 is divided by 39?
37
What is the remainder when 896 is divided by 21?
14
What is the remainder when 337 is divided by 156?
25
What is the remainder when 261 is divided by 21?
9
What is the remainder when 2521 is divided by 28?
1
What is the remainder when 1085 is divided by 181?
180
Calculate the remainder when 84 is divided by 35.
14
What is the remainder when 231 is divided by 59?
54
Calculate the remainder when 97 is divided by 93.
4
Calculate the remainder when 130 is divided by 23.
15
Calculate the remainder when 6288 is divided by 19.
18
What is the remainder when 80 is divided by 17?
12
Calculate the remainder when 267 is divided by 10.
7
What is the remainder when 197 is divided by 101?
96
Calculate the remainder when 794 is divided by 791.
3
Calculate the remainder when 4385 is divided by 107.
105
Calculate the remainder when 2027 is divided by 526.
449
What is the remainder when 96 is divided by 94?
2
What is the remainder when 1342 is divided by 69?
31
What is the remainder when 668 is divided by 26?
18
Calculate the remainder when 18 is divided by 11.
7
What is the remainder when 299 is divided by 52?
39
What is the remainder when 392 is divided by 81?
68
What is the remainder when 64 is divided by 23?
18
What is the remainder when 224 is divided by 39?
29
What is the remainder when 157 is divided by 57?
43
What is the remainder when 623 is divided by 12?
11
What is the remainder when 265 is divided by 227?
38
Calculate the remainder when 2878 is divided by 43.
40
What is the remainder when 44 is divided by 22?
0
What is the remainder when 3481 is divided by 33?
16
What is the remainder when 10846 is divided by 6?
4
What is the remainder when 1494 is divided by 456?
126
What is the remainder when 478 is divided by 16?
14
What is the remainder when 1285 is divided by 39?
37
What is the remainder when 4177 is divided by 19?
16
Calculate the remainder when 516 is divided by 37.
35
Calculate the remainder when 34 is divided by 9.
7
What is the remainder when 131 is divided by 17?
12
What is the remainder when 311 is divided by 21?
17
What is the remainder when 170 is divided by 29?
25
What is the remainder when 126 is divided by 88?
38
What is the remainder when 457 is divided by 51?
49
What is the remainder when 5662 is divided by 16?
14
Calculate the remainder when 131 is divided by 58.
15
Calculate the remainder when 189 is divided by 41.
25
Calculate the remainder when 110 is divided by 20.
10
What is the remainder when 225 is divided by 23?
18
Calculate the remainder when 739 is divided by 137.
54
What is the remainder when 194 is divided by 52?
38
Calculate the remainder when 95 is divided by 37.
21
Calculate the remainder when 4062 is divided by 135.
12
What is the remainder when 96 is divided by 69?
27
Calculate the remainder when 1480 is divided by 45.
40
Calculate the remainder when 338 is divided by 89.
71
What is the remainder when 620 is divided by 89?
86
What is the remainder when 15963 is divided by 18?
15
What is the remainder when 8311 is divided by 26?
17
Calculate the remainder when 752 is divided by 33.
26
Calculate the remainder when 11 is divided by 2.
1
What is the remainder when 204 is divided by 16?
12
Calculate the remainder when 79 is divided by 43.
36
What is the remainder when 165 is divided by 46?
27
What is the remainder when 179 is divided by 26?
23
Calculate the remainder when 245 is divided by 8.
5
What is the remainder when 619 is divided by 17?
7
What is the remainder when 501 is divided by 46?
41
Calculate the remainder when 744 is divided by 259.
226
What is the remainder when 322 is divided by 165?
157
Calculate the remainder when 597 is divided by 43.
38
What is the remainder when 1272 is divided by 633?
6
What is the remainder when 244 is divided by 32?
20
What is the remainder when 238 is divided by 68?
34
What is the remainder when 42593 is divided by 93?
92
Calculate the remainder when 47 is divided by 28.
19
Calculate the remainder when 807 is divided by 29.
24
Calculate the remainder when 19 is divided by 11.
8
What is the remainder when 1270 is divided by 89?
24
Calculate the remainder when 121 is divided by 14.
9
Calculate the remainder when 520 is divided by 9.
7
Calculate the remainder when 123 is divided by 7.
4
Calculate the remainder when 83 is divided by 17.
15
What is the remainder when 666 is divided by 69?
45
What is the remainder when 55 is divided by 14?
13
Calculate the remainder when 1977 is divided by 492.
9
Calculate the remainder when 215 is divided by 73.
69
Calculate the remainder when 121 is divided by 16.
9
Calculate the remainder when 79 is divided by 9.
7
What is the remainder when 30741 is divided by 36?
33
Calculate the remainder when 2159 is divided by 27.
26
Calculate the remainder when 2158 is divided by 90.
88
What is the remainder when 121 is divided by 11?
0
Calculate the remainder when 809 is divided by 137.
124
What is the remainder when 514 is divided by 140?
94
Calculate the remainder when 30 is divided by 23.
7
Calculate the remainder when 827 is divided by 279.
269
What is the remainder when 412 is divided by 32?
28
Calculate the remainder when 18786 is divided by 44.
42
What is the remainder when 866 is divided by 7?
5
What is the remainder when 221 is divided by 94?
33
Wha